 b a composite number?
True
Suppose 84*z - 12096045 = 24077621 - 5951222. Is z composite?
True
Let y = -141370 - -287249. Is y a prime number?
True
Let y(v) = 19*v - 38. Let z be y(4). Let q = z - 38. Suppose q = -3*x - 3*m + 630, 214 = 3*x - 2*x - 3*m. Is x composite?
False
Let n be (-74)/(-5) + (-4)/(-20). Suppose n*c - 1575 = -0*c. Suppose 58*w = 55*w + c. Is w prime?
False
Let c be ((0 - 1)/(-1))/(26/(-87646)). Let m = -1038 - c. Is m a prime number?
True
Let z = -24282 - -146125. Is z a prime number?
True
Is 4/((792/1840302)/11) a composite number?
True
Suppose -7*c + 25 = 11. Suppose q + 1359 = x, -3*x + 6845 = c*x + 5*q. Suppose x = -4*y + 8*y. Is y a composite number?
True
Suppose 6*i - 2*i + 16 = 0. Let k be 70/(i/(-170) + 0). Suppose 2*d = -5*h + 3*d + 2960, 5*h - 4*d = k. Is h prime?
False
Let h be (1 - -145)/((-2)/(-27)). Suppose -7*a - 2*s + h = -6*a, 0 = 5*s + 5. Is a composite?
False
Let u(s) = -221*s + 135. Let c(w) = 1103*w - 673. Let a(z) = -2*c(z) - 11*u(z). Is a(24) a prime number?
True
Suppose 3*j = 1 + 11. Suppose 4*m + 3*v - 1237 = 3610, 0 = -j*m + 5*v + 4839. Is m a prime number?
False
Let y = 9490 + 8655. Suppose 3*a - y = 2*n + 7550, 34283 = 4*a + 5*n. Is a prime?
False
Suppose 0 = -13*p + 48*p - 758590. Let o = -3957 + p. Is o prime?
False
Suppose -2*c + y = 361, -c - 194 = y + 3*y. Let o be 36/27 - c/3. Let z = 157 - o. Is z a prime number?
False
Let t(d) = d**3 - 3*d**2 - 11*d + 3103. Is t(0) a prime number?
False
Let r = -101 - -90. Is r/((-66)/24) - -3543 a prime number?
True
Let p(r) = 258*r**2 + 13. Let q be (-8)/(-28) + 3 + 4/(-14). Is p(q) a composite number?
True
Suppose -5*s + 3*r = 76 - 11, -2*r + 38 = -3*s. Is (-4)/(-32) + (-104334)/s prime?
True
Suppose 3*c = -0*w + 4*w - 1, 0 = -3*w - c + 4. Let k be (120/(-16))/(w/8). Is (5*(-56)/k)/((-4)/(-42)) a composite number?
True
Let z(c) = c**2 + 19*c + 61. Let o be z(-17). Suppose 0 = -5*u + 3*k - o, 3*k + 0*k - 21 = 3*u. Is u/(-1) + -1 + (2 - -305) a composite number?
True
Let i = -1497963 + 2353096. Is i prime?
False
Suppose 360 = 4*o - 2*h, -5*h + 10*h = 5*o - 450. Suppose -8099 = -o*t + 83*t. Is t a prime number?
False
Is (12/24)/(5/(-1030))*-409 a composite number?
True
Let d(b) = -168 + 144*b - 5257*b + 928*b - 1678*b + 457. Is d(-4) a prime number?
True
Suppose 0 = t - 3*j, -5*j + 4 = -2*t + t. Suppose 3*i - 1946 = -4*o, 5*o + 2*i - t*i - 2417 = 0. Is o a prime number?
False
Let w(v) be the second derivative of v**5/20 + 2*v**4/3 + 2*v**3/3 - 27*v**2/2 - 144*v. Is w(6) composite?
True
Suppose 4*n - 4*m - 32 = 0, 6*n + 2*m + 20 = 9*n. Suppose -n*y = 5*l - 4*l - 121778, 5*l + 30455 = y. Is y prime?
False
Let a(v) = 179*v**2 + 463*v + 9. Is a(-22) composite?
True
Suppose 122*f - 6785313 = 3539425. Is f prime?
True
Let f = 10216 - 6831. Let d = 11466 - f. Is d a prime number?
True
Let v(w) = 2103*w**2 - 61*w + 27. Is v(-5) a prime number?
False
Let k(m) = m**3 + 2*m**2 + 2*m + 1. Let x = 47 - 48. Let j be k(x). Suppose 31*d - 36*d + 785 = j. Is d a composite number?
False
Let m(n) = -6*n**3 - 19*n**2 + 27*n - 19. Is m(-13) prime?
True
Let m be (54 + -6)/((-9)/6*-1). Let t = m - 27. Suppose 6*d - d - 5820 = -t*z, -5*d + 5*z + 5810 = 0. Is d a composite number?
False
Let b(v) = v**2 - 15*v - 283. Let s be b(26). Let n(z) = 263*z**2 + 8*z + 4. Is n(s) a composite number?
True
Let t(q) = -16*q + 19*q**2 - 4*q - 34*q**2 - 18 + 22*q**2 + 6*q**2. Is t(7) a composite number?
False
Let l = 1311223 + -585434. Is l composite?
False
Let u(k) = -46*k + 10. Let x be u(3). Let q be x/(-10)*(3 - -2). Is 10 + -6 + (q - 1) a composite number?
False
Suppose 5*a = 3*a + 6. Let t(p) = 16*p - 40*p**3 + 3 + 59*p**3 + p**2 - 10*p. Is t(a) a composite number?
True
Suppose 215 = w + l + l, 3*w = 2*l + 685. Let k be (38/10 - 24/(-120)) + 432. Let v = k - w. Is v a composite number?
False
Let f = 3359179 + -2375538. Is f a composite number?
True
Let h(d) = -d**2 + 37. Let b be h(0). Let t = -37 + b. Suppose 4*c - 16 = t, 0 = 2*g + 4*c - c - 186. Is g composite?
True
Suppose -158*h = -17*h - 2671527. Is h composite?
False
Suppose -765188 = 46*b - 48*b. Is b a composite number?
True
Suppose -28*d + 207*d = 89797319. Is d a prime number?
False
Let y = -46229 + 77418. Is y a composite number?
False
Let i = -2070 - -1415. Let g = i + 1911. Let j = -859 + g. Is j prime?
True
Let c(z) = -12*z**3 - 6*z**2 + 21*z + 13. Let y be c(-11). Let b = y - 7651. Is b composite?
True
Let k = -351 - -364. Suppose -3*p + 848 = k*p. Is p composite?
False
Let b = -683386 - -1297617. Is b prime?
False
Suppose 1 = 4*c + 9. Let d be -506 - 3*4/(-12)*c. Let w = d - -825. Is w composite?
False
Let r(y) = -923*y - 94. Suppose 31 = 5*m + 96. Is r(m) composite?
True
Let s(b) = b**3 + 20*b**2 - 8*b + 7. Let k(g) = g - 18. Suppose 5*y = 6*y. Let h be k(y). Is s(h) prime?
False
Let n be ((-279)/(-2))/((-4)/24). Let y be (0 - -3)/((-9)/(-12)). Is (n + -2)*(-4 - (1 - y)) prime?
True
Let c = 112967 - 77452. Is c a composite number?
True
Suppose 0 = 2*m - 3*m + 7. Suppose -m*c + 1640 = c. Is c a composite number?
True
Let u = 227 + -218. Suppose -u*f + 2887 + 1172 = 0. Is f composite?
True
Let n = 511 - 511. Suppose n = -10*v + 18*v - 52792. Is v a composite number?
False
Let s = 69 + -62. Let j(k) = -3*k**3 + 1. Let z be j(s). Let n = -166 - z. Is n prime?
False
Let i(f) = f**2 + 22*f + 40. Let k be i(-20). Suppose -5*l + 4*m + 7115 = 0, k*m - 4*m = l - 1423. Is l a composite number?
False
Let q be ((-14049)/(-1) - -4) + -6. Let u = q + -7934. Is u composite?
False
Let k(c) = 6*c**2 - 20*c + 11. Let z = 89 + -87. Suppose -104 = -4*y + 4*p, 37 = 5*y - z*p - 78. Is k(y) a prime number?
True
Suppose 3*o - 6066 = -0*o. Suppose 10*v = -o + 11612. Is v a composite number?
True
Let r = -1252 - -630. Let k = r - -2795. Is k a prime number?
False
Is (23/((-1035)/30))/((-2)/426021) a prime number?
True
Suppose -4580 = 2*c - 7*c. Suppose c + 447 = q. Let k = q + -696. Is k a composite number?
True
Let z(f) = 79*f**2 + 314*f + 26. Is z(-29) prime?
False
Suppose 0 = -4*z - 3*x + 8545, 0 = 210*z - 215*z - 6*x + 10679. Is z composite?
False
Let j(r) = 51955*r**2 + 4*r - 4. Is j(1) composite?
True
Let w = 34 - 34. Let g(y) = y**3 + y**2 - 16. Let n be g(w). Let a(c) = -74*c - 15. Is a(n) a composite number?
True
Suppose -8 - 1 = -3*v. Let i(x) = 95*x - 797. Let a be i(9). Suppose w - 5*n = 1493 + a, -1567 = -w - v*n. Is w composite?
True
Suppose -2*i - 2486 = m - 0*i, m + 3*i = -2491. Let l = -785 - m. Is l a prime number?
False
Suppose 4*v - 228 = -2*z, -2*z - z + 110 = 2*v. Suppose v*b = 55*b - 6. Is (761/3)/(b - 35/(-15)) composite?
False
Let b(f) = -835*f + 101. Suppose -3*v - 2*v = 4*p + 90, -5*p - 72 = 4*v. Is b(v) a prime number?
True
Is 2/(-14)*-21 + 60884 a composite number?
False
Is -1 + 61145 - 1*(-7 - 30/(-3)) prime?
True
Let k be 3/(-4) - 2054538/(-216). Let l = 19802 - k. Is l composite?
True
Suppose 5*n + 58 = 173. Suppose -d = n + 4. Is 4 - 1*117*d composite?
False
Let g = 83932 - 32943. Is g composite?
False
Let p be (-1 - 5) + (-3 - -7)*2. Suppose 2*s = x - 6, 16 = 5*x + 7*s - 3*s. Suppose x*l - 5*v - 4005 = 0, -v + 4980 = 5*l - p*v. Is l a composite number?
True
Is (-51)/(-153)*(-44285 + 2)/(-1) a composite number?
True
Suppose 4*h = 45 + 23. Suppose 5*w + h = 3*g - 19, 10 = g - w. Is (5*-1)/(g/(-203)) prime?
False
Let c(g) = -g**2 - 10*g + 9. Let n be c(-9). Let t(z) = z**3 - 20*z**2 - z - 31. Let w be t(23). Suppose -n*h = -21*h + w. Is h a prime number?
False
Let w(x) = -x**3 - 6*x**2 - 2*x + 11. Let t be w(-5). Let n be t - -14*(-4)/(-8). Suppose -a + 964 = -3*s + 4*s, n*a = s + 2904. Is a composite?
False
Let o(w) = 8*w - 54. Let a be o(17). Is a/615 - ((-75086)/30 - 0) composite?
False
Suppose 110*z - 22*z - 5037208 = 0. Is z composite?
False
Suppose -10*a - 12725 = -32125. Let v = a + -1242. Suppose 1310 = 8*x - v. Is x a prime number?
True
Let t(i) = -6*i**2 - i - 2. Let v(o) be the third derivative of o**4/24 + o**3/6 + 8*o**2. Let w(g) = -t(g) - 2*v(g). Is w(2) prime?
False
Let v(k) = -44*k - 43. Let u(m) = -m**2 + 16*m - 10. Let r be u(16). Is v(r) composite?
False
Is 19/(-228)*-1836248*(-6)/(-4) a prime number?
False
Let t(n) = -70*n**3 + 7*n**2 + 18*n - 95. Let d be t(5). Let f = 1937 - d. Is f prime